{"id":2,"date":"2019-01-31T14:49:10","date_gmt":"2019-01-31T13:49:10","guid":{"rendered":"https:\/\/black-ferryman.com\/?page_id=2"},"modified":"2019-04-17T13:14:54","modified_gmt":"2019-04-17T11:14:54","slug":"hintergrund","status":"publish","type":"page","link":"https:\/\/black-ferryman.com\/index.php\/hintergrund\/","title":{"rendered":"Hintergrund"},"content":{"rendered":"<section class=\"wpb-content-wrapper\"><p>[vc_row][vc_column width=&#8221;1\/2&#8243;][vc_single_image image=&#8221;1290&#8243; img_size=&#8221;large&#8221;][\/vc_column][vc_column width=&#8221;1\/2&#8243;][vc_column_text]<\/p>\n<h3 style=\"text-transform: none; align: justify;\"><span style=\"color: #ff0000;\">Ohne Umwege an Ihr Ziel<\/span><\/h3>\n<p style=\"text-align: justify;\">Wie der F\u00e4hrmann seine Passagiere sicher an ihr Ziel bringt, so bringen auch wir unsere Anleger sicher durch die st\u00fcrmischen B\u00f6rsenzeiten. Black Ferryman ist Ihr starker Partner, der Sie bei Ihren Anlageentscheidungen professionell ber\u00e4t und die Orientierung bei keinem Wetter verliert. Ihr Kapitalwachstum haben wir stets fest im Blick.<\/p>\n<p style=\"text-align: justify;\">Wir freuen uns darauf, Ihre Verm\u00f6gensanlagen zu managen und Sie auf Ihrem Weg zu mehr Wertwachstum zu begleiten.<\/p>\n<p>[\/vc_column_text][\/vc_column][\/vc_row]<\/p>\n<\/section>","protected":false},"excerpt":{"rendered":"<p>[vc_row][vc_column width=&#8221;1\/2&#8243;][vc_single_image image=&#8221;1290&#8243; img_size=&#8221;large&#8221;][\/vc_column][vc_column width=&#8221;1\/2&#8243;][vc_column_text] Ohne Umwege an Ihr Ziel Wie der F\u00e4hrmann seine Passagiere sicher an ihr Ziel bringt, so bringen auch wir unsere Anleger sicher durch die st\u00fcrmischen B\u00f6rsenzeiten. Black Ferryman ist Ihr starker Partner, der Sie bei Ihren Anlageentscheidungen professionell ber\u00e4t und die Orientierung bei keinem Wetter verliert. Ihr Kapitalwachstum haben wir [&hellip;]<\/p>\n","protected":false},"author":1,"featured_media":0,"parent":0,"menu_order":0,"comment_status":"closed","ping_status":"open","template":"","meta":[],"_links":{"self":[{"href":"https:\/\/black-ferryman.com\/index.php\/wp-json\/wp\/v2\/pages\/2"}],"collection":[{"href":"https:\/\/black-ferryman.com\/index.php\/wp-json\/wp\/v2\/pages"}],"about":[{"href":"https:\/\/black-ferryman.com\/index.php\/wp-json\/wp\/v2\/types\/page"}],"author":[{"embeddable":true,"href":"https:\/\/black-ferryman.com\/index.php\/wp-json\/wp\/v2\/users\/1"}],"replies":[{"embeddable":true,"href":"https:\/\/black-ferryman.com\/index.php\/wp-json\/wp\/v2\/comments?post=2"}],"version-history":[{"count":7,"href":"https:\/\/black-ferryman.com\/index.php\/wp-json\/wp\/v2\/pages\/2\/revisions"}],"predecessor-version":[{"id":1586,"href":"https:\/\/black-ferryman.com\/index.php\/wp-json\/wp\/v2\/pages\/2\/revisions\/1586"}],"wp:attachment":[{"href":"https:\/\/black-ferryman.com\/index.php\/wp-json\/wp\/v2\/media?parent=2"}],"curies":[{"name":"wp","href":"https:\/\/api.w.org\/{rel}","templated":true}]}}